ided by w?
3
Let d(k) = 199*k + 387. What is the remainder when d(5) is divided by 33?
29
Let m(i) = 76*i - 5421. Let r(f) = 7*f**2 - 4*f - 1. Calculate the remainder when r(-3) is divided by m(72).
23
Suppose -18*k = 15*k - 99. Suppose 7*d - k*d + 313 = 3*p, -5*d = -p + 108. Calculate the remainder when p is divided by 15.
13
Let l be (-15 - -12)/(2 - 3). Suppose 0 = l*w - 11 - 4. Calculate the remainder when 22 is divided by w*((-24)/(-15))/1.
6
Calculate the remainder when 18*(1307 - (-2)/(-2))*(-53)/(-318) is divided by 12.
6
Let o = -100 + 97. Let x(w) = 3*w**2 + 5*w + 5. Calculate the remainder when x(-6) is divided by ((-5)/(-4 - 1))/(o/(-36)).
11
Let v = -49 - -51. Let x be (-3)/6*356/v. Let r = x - -307. Calculate the remainder when r is divided by 13.
10
Let w = -55 - -55. Let n be ((-4)/(-3))/((-6)/(-9) - w). Suppose 2*q - 136 = n*m - 4*m, m - q = 58. Calculate the remainder when m is divided by 22.
19
Suppose 2*k - 9 = -3, 3*k = -3*w + 7167. Calculate the remainder when w is divided by 787.
25
Let n(r) = 9*r**3 + 95*r**2 + 41*r + 8. What is the remainder when 403 is divided by n(-10)?
11
Let u = -38 - -41. Let y(r) = 3*r + 15*r**3 - 2 - 3*r**3 + 10*r**u - 127*r**2 + 125*r**2. Calculate the remainder when 80 is divided by y(1).
17
Suppose 5*q - 4*v - 135 = v, 57 = 3*q + 5*v. Suppose 0 = -3*h + 4*h - q. Suppose -h = -w - w. Calculate the remainder when 47 is divided by w.
11
Let g = -23919 - -25058. What is the remainder when g is divided by 379?
2
Calculate the remainder when 75/25 + (854/6 + 2)*3 is divided by 23.
22
Suppose 1 = 3*s + 10. Let o be 2 + s*1/(-3). Calculate the remainder when 111 is divided by (-30)/(-2) + 12/o.
16
Suppose 0 = 2*j - 11*a + 8*a - 295, -3*a = 4*j - 635. What is the remainder when 614 is divided by j?
149
Suppose -106*s = -101*s - 155. Suppose 22*l + 189 = s*l. What is the remainder when 62 is divided by l?
20
Let u(s) be the third derivative of -s**6/120 - s**5/15 - 3*s**4/8 - 4*s**2 + 4. Calculate the remainder when u(-3) is divided by 10.
8
Suppose 0 = -4*l + 73 - 69. Let a be 381/(-1 + l/4). What is the remainder when 103 is divided by (-28)/126 - (1 + a/18)?
22
Suppose 4*f - 194 = 59*k - 61*k, -4*k + 400 = -4*f. Calculate the remainder when 168 is divided by k.
69
Suppose -3*p + 6*p = -4*x + 226, -5*x + 265 = -5*p. Let u = 553 - 542. What is the remainder when x is divided by u?
0
Suppose 0 = -933*g + 876*g + 97299. What is the remainder when g is divided by 7?
6
Let p(j) = j**3 - 2*j**2 - 2*j - 6. Let b be p(4). What is the remainder when 1606/b + -8 + 840/108 is divided by 14?
5
Let w = 344 + -136. Let f = w - -128. Let b = f + -228. Calculate the remainder when b is divided by 28.
24
Suppose r + 2*r = o + 9893, -5*o - 16475 = -5*r. What is the remainder when r is divided by 15?
14
Let z = -445 + 465. Let h(l) = l**2 - 14*l - 68. Calculate the remainder when h(z) is divided by 11.
8
Suppose -24*j + 3317 = -1099. What is the remainder when 3126 is divided by j?
182
Let f(l) = 7*l**3 - 55*l**2 + 24*l - 11. Calculate the remainder when f(12) is divided by 135.
133
Let b(v) = -52*v - 5. Let t be b(-1). Suppose l - t = 5*d - 411, 4*d - 308 = 5*l. Let r = d + -47. Calculate the remainder when 99 is divided by r.
24
Let v(o) = 3*o + 1. Calculate the remainder when (-70)/(-20)*-2 - -89 is divided by v(18).
27
Let a(i) = -i**3 - 7*i**2 - 27*i - 44. Let w be (-52)/(-16)*2*22. Let p = -69 + w. Calculate the remainder when p is divided by a(-4).
10
Suppose l = 5*g + 329 - 186, -4*g = -4*l + 620. Calculate the remainder when l is divided by 95.
63
Let x(u) = -u**2 + 9*u - 2. Let c = 89 - 82. Suppose c*o = 8*o - 33. What is the remainder when o is divided by x(7)?
9
Let r = 53495 + -53452. Calculate the remainder when (0 - 4)*(-762)/24 is divided by r.
41
Let v = -2138 + 2174. Let m(w) be the second derivative of w**5/20 - w**4/2 + w**3/3 + 3*w**2 - 11*w. What is the remainder when v is divided by m(6)?
0
Let x(d) = -7*d**2 + 5*d + 17. Let o(a) = a**2 - a - 1. Let u(z) = -6*o(z) - x(z). Let i = -125 - -135. Calculate the remainder when u(-6) is divided by i.
9
Let w = 4604 - 4238. What is the remainder when 1215 is divided by w?
117
Let n(g) = 64*g**2 - 6*g - 1. Let f be n(-1). Let h = f + -64. Suppose -h*r - 16 = -o, -o + 24 = -4*r + r. Calculate the remainder when 69 is divided by o.
33
Let p(t) = -t**2 + 130*t - 2694. What is the remainder when 4319 is divided by p(26)?
9
What is the remainder when 1170/18*(-6 + 4 + 13) is divided by 24?
19
What is the remainder when 196 is divided by (10/(-4))/(895/(-3938))?
9
Suppose -832 = -12*n + 4580. What is the remainder when n is divided by 13?
9
Let y(r) = -r**3 + 52*r**2 - 134*r - 9. Calculate the remainder when 77 is divided by y(3).
17
Let d be (546/(-10))/(1/(-5)). Let y be (3 + (-6627)/(-6))*96/240. Suppose d = g + 2*g - 3*n, 5*g - y = 2*n. What is the remainder when g is divided by 10?
7
Suppose 4*i = 5*t + 31 - 653, -3*t = -3*i - 375. What is the remainder when 360 is divided by t?
116
Suppose -5*t + 220 = 5*p, t + 680 = 2*p + 574. Calculate the remainder when 427 is divided by p.
27
Suppose 5*k + 117 = 2*l, -2*k = 4*l - 520 + 346. Suppose -3*r = r - 364. What is the remainder when r is divided by l?
45
What is the remainder when (-6)/(-195) - (-9379787)/1235 is divided by 17?
13
Suppose -26 = -n - 5*d + 4, 2*n - 4*d = 102. Suppose n*q - 545 = 400. Let z = -15 - -33. Calculate the remainder when q is divided by z.
3
Suppose -5*z = 5*k - 105, -4*z + k + 59 = -0*k. Suppose 10*g - 7*g = -21. Let i(d) = d**2 - d - 15. What is the remainder when i(g) is divided by z?
9
Suppose f = 5*y - 24, -4*y = 5*f + 27 + 151. Let t = -38 - f. Calculate the remainder when ((-52)/(-10))/(t/(-10)) is divided by 6.
1
Suppose -2*w + 38 = 14. Let p(s) = 453*s - 1645. Calculate the remainder when p(4) is divided by w.
11
Let i(k) = 5*k - 6. Let t(a) = 4*a - 7. Let g(q) = 2*i(q) - 3*t(q). Suppose 20*h = 387 - 287. Calculate the remainder when g(-6) is divided by h.
1
Suppose -5*c + 2*o - 29 = 0, -4*o - 16 = 5*c + 1. Let s(h) = -22*h**3 - 2*h**2 - 2*h - 1. Calculate the remainder when s(-1) is divided by c + 16 + 0 + -5.
3
Suppose -6*w = -594 + 132. Let t = -48 + w. Calculate the remainder when t is divided by (1/(-3))/((-3)/99).
7
Suppose 5*l + 0*x = 2*x - 26, 2*x - 20 = 4*l. Let k be (28/(-8))/((l/4)/3). What is the remainder when 70 is divided by 9/(-2)*(k + -15)?
34
Suppose 0 = -8*p + 13*p - 5*f - 70, -25 = 5*f. What is the remainder when 62 is divided by p?
8
Let m(l) = -5*l - 40. Let q be m(-16). Suppose 2*v + q = 2*b, -5*b - 2*v + 82 = -v. Calculate the remainder when 334 is divided by b.
11
Let g(y) = 3*y**2 - 55*y + 10. Let z be g(25). What is the remainder when (z/120)/((-1)/(-20)) is divided by 43?
42
Suppose 255*f - 21*f = 4446. Let n(a) be the first derivative of -a**4/4 - 4*a**3/3 - 3*a**2 - 8. What is the remainder when n(-6) is divided by f?
13
Let c(w) = 51*w + 140. Let b(d) = -47*d - 141. Let m(g) = 5*b(g) + 4*c(g). Let h(j) = 12*j**2 + 1. What is the remainder when h(-1) is divided by m(-5)?
3
Let t(u) = 15*u + 10. Let f be t(7). Suppose f - 21 = 2*v. What is the remainder when 2 + 233 + 4 + -7 is divided by v?
44
Let q = 834 - 366. What is the remainder when q is divided by 129?
81
Let y = 25 + 90. Suppose -16*x = -239 - 689. Calculate the remainder when y is divided by x.
57
Let u be ((-626)/(-4))/((-1)/(-2)). Let z = u + -209. Suppose 0 = m + m - z. Calculate the remainder when m is divided by 11.
8
Suppose 54*v + 2572 = -4016. Let a(p) = p**2 + 6*p + 1. Let l be a(-4). What is the remainder when 89 is divided by v/(-4) - l/(-14)?
29
Let k(u) = -3*u**3 + u**2 - 23*u - 26. Let o(q) = q**3 + 8*q + 9. Let l(m) = -6*k(m) - 17*o(m). Calculate the remainder when 44 is divided by l(6).
14
What is the remainder when 1/(-4 - -6)*(-3 - -1637 - -2) is divided by 102?
2
Suppose 3*k - 17 = -y - 1, k - 5*y = 0. Suppose -s + q = -31, -158 = -k*s - q + 15. What is the remainder when s is divided by 23?
11
What is the remainder when (-16 - 4263/(-168))*16 + -5 is divided by (-2)/(-2)*(-1 + 74)?
72
Let l = 88 + -83. Suppose -l*o + 649 = -p, 3*o + p = -o + 521. What is the remainder when o is divided by 33?
31
Suppose 4*m = h - 696, -m - 5*h - 13 = 182. Let v = m + 188. What is